*2 - 2. List the prime factors of d(4).
2, 29
Suppose 50*i = -17*i - 78*i + 1788285. List the prime factors of i.
3, 4111
Let o = 1678 + -979. Let l = o - 249. What are the prime factors of l?
2, 3, 5
Let d(u) = 32*u**2 - 38*u - 238. What are the prime factors of d(20)?
2, 3, 7, 281
Suppose -4*k + 5*k - 11535 = -0*k. What are the prime factors of k?
3, 5, 769
Suppose -72*i = -58*i + 770. What are the prime factors of (i - 156)/(2/(-8))?
2, 211
Let y(f) = -19*f - 3. Let w be y(4). Suppose -4*k = g - 43, 4*g + 15 = -4*k + 55. Let n = k - w. List the prime factors of n.
2, 3, 5
Suppose -352947 = -19*b - 30*b. What are the prime factors of b?
3, 7
Let g(x) = 10*x**2 - 33*x - 14. Let m(i) = i**2 - 9*i + 1. Let j be m(10). What are the prime factors of g(j)?
7, 17
Let d = -300 + 470. Suppose -d*c = -183*c + 20124. List the prime factors of c.
2, 3, 43
Suppose -4*m - 4*q + 3996 = -q, -20 = -5*q. What are the prime factors of m?
2, 3, 83
Suppose 21*s - 95 = 2*s. Suppose 2110 = s*q + 520. List the prime factors of q.
2, 3, 53
Suppose 21008 = s + 5*s - 12376. List the prime factors of s.
2, 13, 107
Let s(n) be the third derivative of n**6/120 - n**5/60 - 7*n**4/12 + n**3/6 - 81*n**2. What are the prime factors of s(8)?
337
Suppose 10 = -4*z + 230. Suppose z*j - 43*j - 10356 = 0. List the prime factors of j.
863
Let z be ((-21)/2)/(-3) - 89/(-178). Suppose 0 = -z*g - w + 373, -2*g - 200 = -4*g + 4*w. List the prime factors of g.
2, 47
Let m(v) = 33*v**2 - 211*v + 445. List the prime factors of m(-28).
5, 1289
Let w(d) = -21*d + 24. Let i be w(1). Suppose -11*g = -i*g - 1000. List the prime factors of g.
5
Suppose 0 = 9*f - 62 - 172. Suppose -t + 6 = 2*t, 0 = p - t - f. Let o = -15 + p. What are the prime factors of o?
13
Let d = -1956 + 425. Let g = -967 - d. List the prime factors of g.
2, 3, 47
Let u(a) = a**2 - 19*a - 8. Let w(b) = b**3 - 4*b**2 - 3*b + 4. Let o be w(4). Let d = o - -29. List the prime factors of u(d).
2, 17
Suppose 0 = 9*o - 5*o - 17260. Let y = o + -2654. List the prime factors of y.
11, 151
Suppose 3*a - 5*o + 131 - 15 = 0, 48 = -a + 4*o. Let r = 36 + a. Let n(k) = k**3 - k**2 - 4*k + 6. What are the prime factors of n(r)?
2, 19
Suppose -i - 5*r = -880, -2*r = -5*i + 1778 + 2595. Let s = -552 + i. What are the prime factors of s?
17, 19
Let v be ((-6)/(-9) - 0)*-3. Let x be (-7 + 7 - v/4)*36. What are the prime factors of -4 + x/3 + 1 - -101?
2, 13
Suppose 7*r - 302223 = 2*o, 3*o = 4*r - 0*o - 172697. List the prime factors of r.
5, 11, 157
Let t = 718 - 710. What are the prime factors of t/68 + (-49035)/(-85)?
577
Let h(p) be the first derivative of 5*p + 3*p - 19 - p**2 - 56*p**3 + 57*p**3. What are the prime factors of h(4)?
2, 3
Suppose 115*w - 1239660 = 53285. What are the prime factors of w?
11243
Let l(w) = 304*w + 906. What are the prime factors of l(24)?
2, 3, 1367
Let u = 7062 - 3627. Suppose -14*a + u = a. List the prime factors of a.
229
Suppose 2*c - 2 = 2*m, 0 = -5*c + 6*m - 4*m + 17. Suppose 0 = c*f - 3*u + u - 163, -5*u = -5*f + 175. Let g = 104 - f. What are the prime factors of g?
73
Suppose -6 = -y - 1. Suppose -2*c - h = -6*h - y, -5 = -3*c + 5*h. Suppose -2*j - 271 = -3*g - 29, 4*g + j - 330 = c. List the prime factors of g.
2, 41
Let d = -10053 - -17170. List the prime factors of d.
11, 647
Let a be (-7392)/(-55) - 11 - 3/(-5). Suppose 9*t - 110 = a. What are the prime factors of t?
2, 13
Let q = 2781 - -2687. List the prime factors of q.
2, 1367
Let l(k) = -129*k - 6. Let f be l(1). Let t = f - -242. List the prime factors of t.
107
Suppose 5*z + 3*h = 2*z, 4*h = -z. Let c(o) = -o**2 - o - 9. Let t(s) = -s - 1. Let l(f) = -c(f) + 2*t(f). What are the prime factors of l(z)?
7
Let a(l) = -86*l - 2. Suppose -t + 11 = -2*c - 0*c, 3*c + 3*t + 3 = 0. What are the prime factors of a(c)?
2, 3, 19
Suppose 35*u - 39*u - 5084 = -2*a, 4*u = -8. What are the prime factors of a?
2, 3, 47
Let n(d) = -10*d - 36. Let t be n(-4). Let i(r) = -46*r + 19. Let a be i(t). Let y = a - -348. What are the prime factors of y?
3, 61
Suppose -16 + 17 = x. Let i be x/((-1)/(-1) + (-2240)/2235). Let n = -249 - i. List the prime factors of n.
2, 3, 11
Let l(r) = 2804*r + 2962. What are the prime factors of l(6)?
2, 13, 761
Let t(l) = -l**3 - 6*l**2 - 9*l + 8. Let o be t(-4). Suppose -9*p = -13*p + o. Suppose 0*u = p*u - 162. List the prime factors of u.
2, 3
Let s = 5490 + 14294. What are the prime factors of s?
2, 2473
Let z = 2734 + 7508. What are the prime factors of z?
2, 3, 569
Let t(u) = 34*u**3 + 11*u**2 - 83*u + 269. What are the prime factors of t(8)?
7, 2531
Let w(a) = -a**3 - 6*a**2 - 8*a + 13. Let j(c) = -3*c**2 + 2*c + 2. Let r be 0 + 3 + (4 - 5). Let o be j(r). What are the prime factors of w(o)?
61
Let h(y) = 1789*y - 411. List the prime factors of h(4).
5, 19, 71
Let q = -4425 + 13086. List the prime factors of q.
3, 2887
Suppose -7*v - 25*n + 27*n = -309493, 5*v - 221069 = n. List the prime factors of v.
5, 37, 239
Let j be ((-17 - -2)/5)/(-1). Suppose -5 = -j*i + 7. Suppose -i*n = 4*w - 28, 0 = -2*w - 3*n + 13 + 1. List the prime factors of w.
7
Let n = -229 + 137. Let r = 100 - n. List the prime factors of r.
2, 3
Let x = 36407 - -25534. List the prime factors of x.
3, 11, 1877
Let c(z) = -7*z**3 + z**2 - 2*z. Let v be c(-2). Suppose -6*a = -493 - 455. Suppose q - a = -v. What are the prime factors of q?
2, 47
Suppose -188 = 4*r - 3*y + 295, -4*r - 3*y = 477. What are the prime factors of (2 - r/(-54)) + 14480/36?
2, 3, 67
Let f be (-10 - -8)/((-4)/(-90)). Let m = -46 - f. What are the prime factors of 80/m*(-4 + 3)?
2, 5
Suppose 5*u + 19749 + 4406 = 5*p, -2*p - u = -9641. List the prime factors of p.
2, 3, 67
Suppose 2*x = 2*c - 5*c - 140, -c = 5*x + 324. What are the prime factors of (-8639)/(-11) - x/(-176)?
5, 157
Let l = 1618 - 1595. Suppose 0 = -4*d - d - 95. Let z = l + d. What are the prime factors of z?
2
Suppose 413*i - 386*i - 418338 = 0. List the prime factors of i.
2, 61, 127
Let n = 8657 - 4925. List the prime factors of n.
2, 3, 311
Suppose -j - 9 = -4*j. Let a(i) = 80*i + 88. What are the prime factors of a(j)?
2, 41
Suppose 0 = 2*s - 0*s + 154. Let x = 78 + s. List the prime factors of 5*x - (-164 + -21).
2, 5, 19
Suppose 0 = -h + 2*t - 335, 6*h - 2*h + t + 1304 = 0. Let q = 19 - h. What are the prime factors of q?
2, 173
Let l = 322 - 318. Suppose -5*g - 5*i = -g - 2738, -l*i = -3*g + 2069. List the prime factors of g.
3, 229
Let l(h) = -16*h + 165. Let y be l(10). List the prime factors of 1 - (y + 1)*-43.
7, 37
Let n(i) be the second derivative of 15*i**2 + 0 - 1/12*i**4 - i - 1/3*i**3. What are the prime factors of n(0)?
2, 3, 5
Suppose 16*p = 62 + 2. Suppose 3*t + 161 = -p*y + 1202, -3*t + 1059 = -2*y. List the prime factors of t.
3, 13
Let i(q) = 82*q**2 + 20*q - 141. Let o be i(7). What are the prime factors of (o/(-2))/(147/(-98))?
13, 103
Let w = -22748 + 37622. What are the prime factors of w?
2, 3, 37, 67
Let q = -262 - -3298. Suppose 2*u + s - 1503 = 536, -3*u + q = -3*s. What are the prime factors of u?
3, 113
Let s(m) = -37*m - 32 - 42 + 13. List the prime factors of s(-3).
2, 5
Let j = 79 - -343. Suppose 0 = -414*p + j*p - 5072. List the prime factors of p.
2, 317
Let t be 34/33*72 + (-4)/22. Let l = 76 - t. Suppose -6*z + 62 = l. What are the prime factors of z?
2, 5
Let m = 48 - 60. Let r = -17 - m. List the prime factors of (15/r - -3) + 87.
3, 29
Let d(k) = -3*k - 10. Let z be d(-5). Suppose -2*i - 1 = z. What are the prime factors of (i - (-36)/20)*55/(-2)?
3, 11
Let x(w) = -76*w + 2530. List the prime factors of x(-66).
2, 7, 11
Suppose -2*w - 2664 = -2*m + 2390, 5*w - 3*m + 12643 = 0. Let o = -1209 - w. What are the prime factors of o?
2, 661
Suppose -4*p + o + 6 = 0, 3*o = -2*p + 4*o + 2. Suppose -m + b - 6*b = -767, m - 758 = -p*b. Let h = m + -496. What are the prime factors of h?
2
Let f(u) be the second derivative of -u**5/20 + 17*u**4/12 + 2*u**3/3 - 3*u**2 - 3*u. Let w be f(17). Suppose -5*z - w + 682 = 0. List the prime factors of z.
2, 31
Suppose -5*r - 51 = n, -2*n + 26 = -5*r - 22. What are the prime factors of (-1)/(-5) + (-6768)/r?
677
Suppose -3*l - 501 = 3*a + 2*l, 0 = a - 3*l + 153. Let u = a - -816. What are the prime factors of u?
2, 3, 109
Let k(c) = -28*c**3 